t - 5. Let n be (-1)/4 + 100/16. Suppose -2*c + 0*p = -p - 10, -n = -c + p. What is d(c)?
7
Let w(m) = -21 + 17 + m**2 - m + m**2. What is w(3)?
11
Let k(n) = -203*n + 11 + 103*n + 101*n. What is k(-10)?
1
Let h(m) = -m**2 + m - 6. Suppose -2*i + i + 7 = 0. Let z = i + -7. Determine h(z).
-6
Let o(h) be the second derivative of -1/12*h**4 + 0 + 5/6*h**3 + h**2 - 2*h. Let t(l) = -l**3 + 5*l**2 + 2*l - 6. Let u be t(5). Calculate o(u).
6
Let a = 1 - -2. Suppose -10 = -a*q - 13. Let p(o) = -o**3 + o**2. Let w(c) = -3*c**3 + 3*c**2 - 2*c - 1. Let i(r) = 4*p(r) - w(r). Calculate i(q).
1
Let n = 67 + -32. Suppose -5*x - 3*m + n = 0, 3*x - 2*m - 7 = 2*x. Let r(t) = t**3 - 8*t**2 + 6*t + 4. Give r(x).
-3
Let s(o) = o**3 - 5*o**2 + 3*o - 17. Let r be s(5). Let x(g) = 3*g - 1. What is x(r)?
-7
Let u(n) = 4*n - 1. Let r be (2/3)/((-16)/(-24)). Determine u(r).
3
Let b(r) = -r - 9*r**3 - 9 + 8 + 10*r**3. What is b(-2)?
-7
Let h(j) be the first derivative of j**3/6 + 5*j**2/2 - 3*j - 2. Let i(a) be the first derivative of h(a). Suppose 2*n + 5 = n. What is i(n)?
0
Let p(l) = -l**2 + 2*l. Suppose 1 = -3*h + 7. Calculate p(h).
0
Let v(y) = -2*y**2 + y + 2. Let q be v(2). Let u(p) = -p + 3. What is u(q)?
7
Suppose -4*h + 0*h = 0. Let s(j) = -j - 7. Let o(y) = -2*y - 13. Let w(z) = 4*o(z) - 9*s(z). Determine w(h).
11
Let p = 2 - -4. Let x be -2*(-15)/p*1. Let g be (-8)/x - 30/(-50). Let c(z) = -10*z. Give c(g).
10
Let h = 5 - 2. Let l(t) = 2*t**3 - 2 + 10 - t**h + t. Let b = 0 + 0. Calculate l(b).
8
Let j(u) = -u**3 + 3*u**2 - 3*u + 1. Let p be 4 - -3 - 2/(-2). Let b be (4/(-8))/((-2)/p). Calculate j(b).
-1
Let a = -21 - -24. Let s(r) be the second derivative of 0 + 2*r**2 - r - 1/12*r**4 - 2/3*r**a. Give s(-4).
4
Let o(i) = -i - 4. Let v(m) = m + 4. Let j(b) = 4*o(b) + 3*v(b). Let f be (-6)/5*(-15)/6. Suppose -n + 4*n = -5*l - 5, -n + 17 = -f*l. Give j(l).
0
Let o(q) = q**3 + 4*q**2 + 3*q + 1. Suppose v - 4 - 3 = 0. Let z = v + -9. Determine o(z).
3
Let r(b) be the third derivative of -7*b**6/120 + b**5/30 - b**4/12 + b**3/6 - b**2. Suppose 0 = 4*x + 5 + 3. Let a = x + 3. Give r(a).
-6
Let f(w) = 4*w + 3. Let i(g) = 5*g + 4. Suppose 0*n = -n - 6. Let s(k) = n*i(k) + 7*f(k). Let x(d) = d**2 + 5*d + 2. Let m be x(-4). Calculate s(m).
1
Let j(a) = a**3 + 3*a**2 - 5*a + 3. Let r = 53 + -57. Calculate j(r).
7
Let s = -3 - -6. Suppose -2*l - 3 = -s*l. Suppose -l*u + u - 3*i = 4, u = -5*i + 5. Let m(d) = d**3 + 6*d**2 + 6*d + 6. Determine m(u).
1
Let n(g) be the first derivative of 3 - g + 7/4*g**4 + 1/3*g**3 - 1/2*g**2. Let u be 3/12 + (-5)/4. Determine n(u).
-6
Suppose 0 = -4*l - l - 15. Let r(v) = 5*v + 4. What is r(l)?
-11
Let a(w) = w**2 - 3*w - 1. Let n(b) = -2*b + 12. Let q be n(7). Calculate a(q).
9
Let v(u) = 2*u**3 + 2*u**2 - 4. Let o(c) = 5*c**3 + 3*c**2 + c - 8. Let f(q) = 3*o(q) - 7*v(q). Suppose -5 = -2*y - 1. Suppose 7 + y = 3*h. Calculate f(h).
-5
Let s be (-1 + -3)*(-3)/4. Let u(o) = -3*o + o + s*o. Let f be (-4)/30 + 344/(-120). Calculate u(f).
-3
Let g(i) = 2*i - 1. Let r(s) = -2*s + 1. Let t(h) = -4*g(h) - 3*r(h). Suppose 4*v - 10 - 2 = 0. Let j = v - 2. What is t(j)?
-1
Let x = -1 - -2. Let b(c) = 8*c**3 + 0 + x - 2 - c**3. Determine b(1).
6
Let i(r) = 10*r + 0 + 3 + 2*r - 4. Determine i(1).
11
Let u(z) = z. Let j(p) = 6*p. Let g(t) = 4*j(t) - 22*u(t). Determine g(4).
8
Suppose -3*u + 0 = -3*o - 9, 0 = u - 3*o - 1. Let z(l) = 3*l**2 - 1 + 3*l**2 + l - u*l**2. Calculate z(-2).
5
Let x = 9/4 + -7/4. Let s(q) be the third derivative of 0 + q**2 - 1/24*q**4 + x*q**3 + 0*q. Calculate s(-5).
8
Let f(i) = 10*i + 9*i - 17*i + 0*i**2 - i**2. What is f(3)?
-3
Suppose 4 = 2*q + q + 2*j, -2 = -j. Let r(y) = -2*y + 2*y + y - 3 - 5. Determine r(q).
-8
Let l(m) = 0*m - 9*m**2 - 7 - 4*m - 2*m + 10*m**2. What is l(5)?
-12
Let h(p) be the second derivative of p**4/12 - 2*p. Let q(l) = l**2 + 4*l. Let b be q(-4). Determine h(b).
0
Let s be (-2)/4*(0 + -2). Let l(y) = 5*y**2 + 5. Let d = 5 + -2. Let w(z) = -2*z**2 - 3. Let x(j) = d*l(j) + 5*w(j). What is x(s)?
5
Let t = 13 + -11. Let a = t - 6. Let b(w) = w**3 + 5*w**2 + 3*w + 1. Give b(a).
5
Let z = -18 - -21. Let g be (-1 + 0 + 1)/2. Let m(u) = g*u**2 - 1 + 2*u**2 + 0*u**z - 4*u**3. Calculate m(-1).
5
Suppose t - 3*j - 7 = 0, t + 1 = -5*j - 0. Suppose 4*h = t + 4. Let u(c) = -4*c - c**h + 2*c**2 - 2*c**2. Give u(-2).
4
Let y(j) = -j - 1. Let r(f) = -f**3 + 5*f**2 + 7*f - 9. Let g(z) = -z**3 - z + 6. Let k be g(0). Let a be 0*2/6 + k. Let h be r(a). Give y(h).
2
Let g(p) = -2*p**3 + 10*p**2 + 5*p + 2. Let c(s) = -s**3 + s**2 - s. Let d(a) = 3*c(a) - g(a). Determine d(-6).
10
Let n(u) = u**2 + 2*u - 2. Suppose 3 = v + 5*x - 8, 2*x - 6 = 0. Give n(v).
6
Let j(r) = r + 2. Let o(v) = -5*v**2 + 14*v + 8. Let y(l) = 2*l**2 - 5*l - 3. Let c(n) = -3*o(n) - 8*y(n). Let h = -3 - 0. Let g be c(h). What is j(g)?
-1
Let h(z) = -z**2 + 23*z + 2 + 20*z - 44*z. Determine h(-2).
0
Let m(r) = 2*r + 5. Let j(l) = -20 + 6*l + l**3 + 22 + 0*l**3 + 5*l**2. Let c be j(-4). What is m(c)?
-7
Suppose b + 2*b - 9 = 0. Suppose -b*m + 7 = -2. Let k(q) = q + 3*q + q**2 - m*q + q**3. Calculate k(-1).
-1
Let n be -9*((-4)/(-6))/(-2). Let p(j) = -7*j**2 + 6*j**3 - j**n - 6*j + 12*j - 4*j**3 + 6. Determine p(5).
-14
Let k(y) be the third derivative of -y**6/120 + 7*y**5/60 - y**4/4 + 4*y**3/3 - 3*y**2. Let w(f) = -f**3 + 4*f**2 - 2*f + 3. Let b be w(3). Determine k(b).
8
Let o(s) = -s - 5 - 2 + 11. Determine o(0).
4
Let v be (-9)/((-7)/((-42)/9)). Let j(q) = 4*q + q**3 - 3 + 6*q**2 - 3*q - 2*q. Calculate j(v).
3
Let j(b) = -b**3 + 3*b**2 - 4*b + 2. Let k(g) = g - 6. Let z = 6 - 2. Let m be ((-2)/z)/(3/(-48)). Let u be k(m). What is j(u)?
-2
Let r(k) = k**3 + 7*k**2 - 7*k - 5. Suppose 5*v = 3*b - 0*v + 29, 3 = 3*v. Calculate r(b).
-13
Let v(q) = 17*q + 15. Let f(o) = 6*o + 5. Let b(m) = -11*f(m) + 4*v(m). Calculate b(-9).
-13
Let t(u) = -23*u + 0 + 3 - 4 + 17*u. Give t(1).
-7
Let o be 2/4 - (-54)/12. Suppose 4*q - 27 = -3*a, 4*q + 0*q - 37 = -o*a. Suppose a - 1 = t. Let w(g) = -g**2 + 4*g - 2. Give w(t).
-2
Let c(n) = -5*n**3 - 5*n**2 + 5*n + 13. Let b(m) = -9*m**3 - 10*m**2 + 9*m + 25. Let x(i) = 3*i + 2. Let l be x(3). Let o(p) = l*c(p) - 6*b(p). What is o(5)?
-2
Let u(v) = -3 - v**2 + 8*v - 10*v**2 + v**3 + 4*v**2. Determine u(5).
-13
Let o(f) = -5 - 1 + 3 - 2*f. Let i = 6 - 12. Determine o(i).
9
Let z(y) = y**2 - 5*y - 2. Let r be z(5). Let d(u) be the third derivative of -u**6/120 - u**5/20 - u**4/12 - 33*u**2. Calculate d(r).
0
Let b(h) = h + 13. Suppose 0 = 2*n + 2*n. Give b(n).
13
Suppose -2*k + 5 = 3. Let r(x) = k - 5 - 2*x**2 - 8*x + 0. What is r(-5)?
-14
Let c be (-2)/3*3/(-2). Suppose -t + c = 6. Let l(z) = z + 1. Calculate l(t).
-4
Let h(n) = -4*n**2 - 2*n - 7. Let g(x) = 6*x + 7*x + x**2 - 12*x + 1. Let t(v) = 6*g(v) + h(v). What is t(-3)?
5
Let c(q) = 0*q + 2*q - 2 + q. Calculate c(2).
4
Let y(a) = -5 + 2*a - 3*a - a**2 + 15. What is y(0)?
10
Let l(p) be the third derivative of -p**4/24 + 2*p**3/3 + 3*p**2. Let r be -1 - -9 - (1 - 0). Give l(r).
-3
Let v(n) = n**3 + 4*n**2 + 3*n + 4. Let c(j) = -j - 11. Suppose -5*x + 25 = -5*k, -4*k = -5*k + 2*x - 9. Let g be 12*(k + (-1)/(-3)). Let s be c(g). Give v(s).
4
Let y = -15 + 12. Let b(a) = -a**3 - 4*a**2 - a. Calculate b(y).
-6
Suppose -1 - 9 = -5*z. Suppose 5*f = z*f + 15. Suppose -f*o + 11 = 31. Let g(b) = b**3 + 4*b**2 - 2*b - 3. What is g(o)?
5
Let s(v) be the third derivative of -v**5/60 + v**4/12 + v**3/3 - 6*v**2. Let n be -2 + (-1 + 1)/(-1). Determine s(n).
-6
Let f(y) = -y - 9. Suppose -3*c = -h + 18, c = -0*c + 4*h - 6. What is f(c)?
-3
Let w(z) = 33 + 3*z + 27 + z**2 - 58. Give w(-6).
20
Let d(z) be the second derivative of z**6/120 + z**5/60 - z**3/6 + z**2 + z. Let x(m) be the first derivative of d(m). Determine x(-1).
-1
Let x(v) = v**3 - 5*v**2 + 2*v + 2. Let u be 1/(-2) - 75/(-30). What is x(u)?
-6
Let w(l) = 110*l**2 - 4*l**3 - 105*l**2 + 0*l**3 + 3*l**3. Suppose -t + 4 = 4*s - 18, 2*t = -3*s + 19. What is w(s)?
0
Let v(a) = 7*a + 2. Let h(i) = 6*i + 2. Let s(j) = -6*h(j) + 5*v(j). Determine s(-5).
3
Let t = 27 - 39. Let r = t + 6. Let m(l) = -l**2 - 4*l + 6. Determine m(r).
-6
Suppose 8 = -2*x + 4*x. Let j(p) = -p**3 + 3*p**2 + 2*p + 2. Determine j(x).
-6
Let y(u) b